{"id":786,"date":"2021-10-20T10:15:18","date_gmt":"2021-10-20T08:15:18","guid":{"rendered":"https:\/\/www.fivefoldtraining.com\/?page_id=786"},"modified":"2022-04-08T16:38:47","modified_gmt":"2022-04-08T14:38:47","slug":"ressources","status":"publish","type":"page","link":"https:\/\/www.fivefoldtraining.com\/eng\/ressources\/","title":{"rendered":"Resources"},"content":{"rendered":"","protected":false},"excerpt":{"rendered":"","protected":false},"author":4,"featured_media":0,"parent":0,"menu_order":0,"comment_status":"closed","ping_status":"closed","template":"","meta":{"_seopress_robots_primary_cat":"","_seopress_titles_title":"Ressourcen zum f\u00fcnff\u00e4ltigen Dienst","_seopress_titles_desc":"Entdecke diese kostenlosen Ressourcen, um den f\u00fcnff\u00e4ltigen Dienst zu erlernen und zu aktivieren.","_seopress_robots_index":"","footnotes":""},"class_list":["post-786","page","type-page","status-publish","hentry"],"_links":{"self":[{"href":"https:\/\/www.fivefoldtraining.com\/eng\/wp-json\/wp\/v2\/pages\/786","targetHints":{"allow":["GET"]}}],"collection":[{"href":"https:\/\/www.fivefoldtraining.com\/eng\/wp-json\/wp\/v2\/pages"}],"about":[{"href":"https:\/\/www.fivefoldtraining.com\/eng\/wp-json\/wp\/v2\/types\/page"}],"author":[{"embeddable":true,"href":"https:\/\/www.fivefoldtraining.com\/eng\/wp-json\/wp\/v2\/users\/4"}],"replies":[{"embeddable":true,"href":"https:\/\/www.fivefoldtraining.com\/eng\/wp-json\/wp\/v2\/comments?post=786"}],"version-history":[{"count":1,"href":"https:\/\/www.fivefoldtraining.com\/eng\/wp-json\/wp\/v2\/pages\/786\/revisions"}],"predecessor-version":[{"id":787,"href":"https:\/\/www.fivefoldtraining.com\/eng\/wp-json\/wp\/v2\/pages\/786\/revisions\/787"}],"wp:attachment":[{"href":"https:\/\/www.fivefoldtraining.com\/eng\/wp-json\/wp\/v2\/media?parent=786"}],"curies":[{"name":"wp","href":"https:\/\/api.w.org\/{rel}","templated":true}]}}